 tens digit of s?
1
What is the units digit of (0 - -8) + (-9 - -6)?
5
Suppose 3*i + 1 = 10. Suppose 8 = r - i. Suppose 0 = -t + r - 1. What is the units digit of t?
0
Let k = 10 - 22. Let u be (1 - -2)/(k/(-16)). Let s = -3 + u. What is the units digit of s?
1
What is the units digit of 6*2/(1 + 11)?
1
Let s = 0 + 2. Let y be (10/(-4))/(s/4). Let r(v) = v + 9. What is the units digit of r(y)?
4
Let b = -26 + 16. Let k = -6 - b. Suppose -5 = -2*j + f, 10 = j + 2*j - k*f. What is the units digit of j?
2
Let p(s) = -6*s + 1. What is the units digit of p(-6)?
7
Suppose b + 2*k - 3*k = 2, 0 = 2*k. Suppose 5*j - 95 = -0*j. Suppose -5*o = 4*a - 4*o - 47, -b*a + j = 5*o. What is the units digit of a?
2
Let h(j) = -j**3 - 8*j**2 - 5*j - 12. Let f(s) = s. Let o(y) = 3*f(y) + h(y). What is the units digit of o(-8)?
4
Let y be (-2)/(2 - (-82)/(-40)). Suppose -2*p + 0*p + y = 0. Let q = -14 + p. What is the units digit of q?
6
Suppose 0*q - q = 0. Let d be 0 - -1 - 10 - q. What is the units digit of 2/3 + (-3)/d?
1
Let s be 1/(1 - (-2 + 2)). What is the units digit of ((-82)/6)/(s/(-3))?
1
Let v(k) = k**2 + 6*k - 9. Let i be v(-8). Let l(r) = -6*r + r + 2*r - i + 2*r. What is the units digit of l(-9)?
2
What is the hundreds digit of -4 - ((-4)/(-5))/(3/(-435))?
1
Let s(u) = 7*u**2 - 3 + 2*u**3 + 5*u - 3*u**3 + 2*u**3. What is the units digit of s(-6)?
3
Let v(w) = 5*w + w - 1 + 5 - 4*w. Suppose 7*a - 2*a = 20. What is the units digit of v(a)?
2
Suppose 0 = -a - 12 + 105. What is the units digit of a?
3
Let t(p) = -15*p**3 - p**2 + p. Let z be t(1). Let h = -25 - -17. Let s = h - z. What is the units digit of s?
7
Suppose 2*k - 1461 = -5*c + 401, 0 = c + 2*k - 374. What is the hundreds digit of c?
3
Suppose -5*f - m + 13 = 0, f + 17 = 4*f - 4*m. What is the units digit of f?
3
Let k(z) = -z**3 + 9*z**2 - 8*z - 9. Let f be k(8). Let n = f + 8. What is the units digit of (-16)/(-1)*n/(-2)?
8
Suppose 7 = 5*t - 3. Suppose -10 - t = 4*b. Let j(s) = 2*s**2 + 5*s + 2. What is the units digit of j(b)?
5
Let m be 7 - -6*4/(-6). Let c(w) = w**3 - 7*w**2 - 7*w - 1. Let a be c(8). Suppose -m*f - 4*p = -a*f, 18 = 2*f + 4*p. What is the units digit of f?
3
Suppose 2*l + 4 = 6*l. Suppose 35 = 4*y - 5*r, -r + l = -0*r. What is the units digit of y?
0
Let s be (-6 - 1) + (6 - 3/1). Let l be (1*10)/(1 + 0). Let w = l - s. What is the units digit of w?
4
Let p be (-7 - -11) + 2/(-2). Suppose 7*z - 6*z - 17 = 0. Suppose p*a - z - 13 = 0. What is the tens digit of a?
1
Let b(z) = -8*z - 1. Let k be b(3). Let w be ((-8)/(-10))/((-5)/k). Suppose -2*y + w = -3*n, -y - 2*y - 5*n + 6 = 0. What is the units digit of y?
2
Let i(j) = -j**2 + 8*j - 8. Let k = 9 - 6. Suppose -p = k*p - 24. What is the units digit of i(p)?
4
Suppose -55 = -5*s + 6*h - h, -2*s = 2*h - 38. Suppose -20 = y + 5*f, -5*y - 33 - s = -f. Let u(b) = b**2 + 9*b - 2. What is the units digit of u(y)?
8
Let d = 158 - 37. Suppose 2*k - q = -k + d, 0 = -5*k + 2*q + 203. What is the tens digit of k?
3
Let r(w) = 4*w + 6. Let x be r(-7). Let j = x - -33. What is the tens digit of j?
1
Let l = 4 - 1. Suppose 3 = z - l. Suppose -5*h + z = -3*x + 13, 4*h + 8 = 3*x. What is the units digit of h?
1
Let o(f) = 60*f**2 - f - 1. Let p be o(-1). Let d = p - 43. What is the tens digit of d?
1
Suppose 4*x = -44 - 20. Let v = x - -23. What is the units digit of v?
7
Let n = 191 + 8. Suppose -2*i + 3*i = -5*x + n, -2*x - 5*i = -75. Suppose -2*u + 2*a + 4 = 0, -5*a + x = 5*u - 4*a. What is the units digit of u?
7
Let q(m) = 6*m - 20. Let h be q(8). Suppose 3*l - 123 = -3*u, 3*l - 167 = u - h. What is the tens digit of l?
4
Suppose 8*t = 3*t + 15. Suppose -66 = -t*n - 0*n. What is the units digit of n?
2
Let j = 5 + -3. Suppose j*q = q + 13. What is the units digit of q?
3
Let g = 530 - 162. What is the tens digit of g?
6
Let i = 87 - -19. What is the hundreds digit of i?
1
Let p = -121 - -146. What is the tens digit of p?
2
Let f be (-58)/(-18) + 4/(-18). Suppose -y + f*b - 16 = 4*y, -5*b = y - 8. Let r = y - -11. What is the units digit of r?
9
Let x be (-132)/(-9) - (-1)/3. Let q = x + 9. What is the tens digit of q?
2
Suppose -3*p + 2*p = 0. Suppose p = -4*u - 3*b + 80, 3*b - 4*b = 4*u - 72. What is the units digit of u?
7
Let d(l) = -l - 5. What is the units digit of d(-7)?
2
Let q(h) = 14*h - 7. What is the units digit of q(6)?
7
Suppose -95 = -5*k + 105. What is the tens digit of k?
4
What is the tens digit of (0 + (-10)/(-6))*30?
5
Suppose -3*x + 0*z = -5*z - 36, z = -2*x + 11. Suppose 3*i - x = 2. What is the units digit of i?
3
Let d = -4 + 3. What is the tens digit of (-2 + 3)/(d/(-25))?
2
Let v(i) = 17*i - 21. What is the units digit of v(5)?
4
Suppose -2*x + 34 = -x. Suppose v = 5*y - 50, -5*y + 16 + x = 5*v. What is the units digit of y?
0
Suppose -4*o = -40 + 16. What is the units digit of (114/(-9))/((-4)/o)?
9
Let o = 35 + -17. Let h = o + -10. Let x = h + -5. What is the units digit of x?
3
Let m = -5 - -8. Suppose -4*w = -m*d - 36, -d + 4*w = -0*d + 20. What is the units digit of 15/(-6)*d/5?
4
Let i(n) = -n**2 - 2*n + 6. Let s be i(-6). Let x = s + 30. What is the units digit of x?
2
Let i(k) be the first derivative of -k**3/3 - 2*k**2 + 7*k - 2. Let j be i(-6). Let f = 0 - j. What is the units digit of f?
5
Suppose -16 = 4*w - 4*l, -4*w - 4 = -3*l + 2*l. Let t(d) = d + 3. What is the units digit of t(w)?
3
Suppose -g - 410 = -2*h - 73, 5*h + 4*g = 810. What is the units digit of h?
6
Suppose -4*a + 3*r + 135 = 0, 0 = 3*a + 4*r - 7*r - 102. Let i = a - 21. What is the units digit of i?
2
Let x be 9/(-3) + 60/4. Suppose -2*u + 2 = -o + 2*u, 0 = 4*u - x. Suppose o = i + i. What is the units digit of i?
5
Let v = 27 - 5. What is the units digit of v?
2
Suppose -2*k + 135 = 5*s, -5*s - k = 45 - 185. What is the units digit of s?
9
Let k be (-1)/(-1) - (-8 + -3). Let q be 56/k - (-4)/(-6). Suppose -76 = -4*g + q*h, g - 5*h - 9 = 10. What is the tens digit of g?
1
Let l(x) = x**3 + x**2 - x + 6. What is the units digit of l(4)?
2
Let v(n) = n**3 - n**2 + 16. What is the units digit of v(0)?
6
Suppose 2*s = 2 + 6. Suppose 0 = -o - 2*m + 8, 7*m + 58 = s*o + 2*m. What is the units digit of o?
2
Let v(l) = -18*l - 1. Let j = 7 + -8. What is the units digit of v(j)?
7
Let v be 28 + (-5)/((-10)/4). What is the tens digit of (-1)/(0 - 1)*v?
3
Suppose -t = t - 6. Suppose t*k - 2*k = 0. Suppose k = -3*l - j - 2, -8*l + 4*l + 14 = -2*j. What is the units digit of l?
1
Let z = -6 + 9. What is the units digit of (0 + -3)/(z/(-4))?
4
Let g(v) = v**3 - 12*v**2 + v + 11. What is the units digit of g(12)?
3
Let s(y) = 19*y**2 + 1. Let w be (-2)/(1 - (-1 + 0)). What is the tens digit of s(w)?
2
Suppose -979 - 781 = -10*a. What is the tens digit of a?
7
Let l = 3 - 1. Suppose 25 = 5*o + 5*f, 5*o + f - 37 = -0*f. Suppose p + 1 = d - o, -23 = -3*d + l*p. What is the units digit of d?
5
Let t(b) = -b**2 - 10*b + 7. Let v(q) = -q**2 - 11*q + 8. Let p(y) = -7*t(y) + 6*v(y). What is the units digit of p(-5)?
4
What is the tens digit of (82/8)/(((-65)/40)/(-13))?
8
Let h(s) = 6*s - 3. Let g be h(-3). Suppose 0 = k + 2*k + 45. Let x = k - g. What is the units digit of x?
6
Let b(n) = n**2 + 5*n - 4. Let f be b(-6). Suppose -f*x = -0*x - 16. Suppose -2*q + x = 2*q. What is the units digit of q?
2
Let o(r) = -r**3 - 6*r**2 + 2*r + 13. What is the units digit of o(-7)?
8
Suppose 0 = 5*u - 69 - 41. Suppose 3*z + 0*z = 4*r + u, 12 = -3*r. Suppose z = 5*g - 23. What is the units digit of g?
5
What is the tens digit of (-1)/4 - (3 - (-2500)/(-16))?
5
Suppose 3*o - o = -2, -7 = 3*t + 4*o. Let h be 9/(t/(13 + -2)). What is the tens digit of h/6*4/(-6)?
1
Let j(s) be the third derivative of -s**4/6 + 3*s**2. What is the units digit of j(-5)?
0
Let o(l) = 4*l**3 + 3*l**2 + 5*l. Let v(x) = -7*x**3 - 7*x**2 - 11*x. Let z(r) = 9*o(r) + 4*v(r). What is the units digit of z(1)?
8
Let r be 1/4 - 329/(-28). Suppose 4*y = r - 4. What is the units digit of y?
2
Let p(l) be the first derivative of 2*l**3/3 - 2*l**2 + 3*l + 4. What is the units digit of p(2)?
3
Let a(u) = 19*u**2 - 2*u - 1. Let x be a(-1). Suppose -g = 5*i - 24 - 26, -2*g + x = 2*i. Suppose 2*m - 4*m = -i. What is the units digit of m?
5
Suppose 8 = 5*y + 3. What is the units digit of (y/2)/((-6)/